es 8 divide 1736?
True
Is 35 a factor of 246?
False
Does 4 divide 147?
False
Is 10842 a multiple of 39?
True
Is 29 a factor of 7089?
False
Does 43 divide 18679?
False
Does 25 divide 86000?
True
Is 7 a factor of 97?
False
Is 20 a factor of 4160?
True
Is 27 a factor of 961?
False
Does 7 divide 1424?
False
Is 665 a multiple of 5?
True
Is 13 a factor of 6767?
False
Is 16 a factor of 48?
True
Is 20 a factor of 380?
True
Is 12 a factor of 13740?
True
Does 229 divide 57479?
True
Is 21168 a multiple of 14?
True
Is 1218 a multiple of 29?
True
Does 12 divide 3274?
False
Is 82 a factor of 45410?
False
Is 1848 a multiple of 28?
True
Is 58 a factor of 806?
False
Is 8 a factor of 21728?
True
Does 81 divide 1134?
True
Does 11 divide 73040?
True
Does 20 divide 95900?
True
Is 55 a factor of 4675?
True
Is 651 a multiple of 31?
True
Is 4864 a multiple of 38?
True
Does 47 divide 1927?
True
Is 1827 a multiple of 63?
True
Does 10 divide 230?
True
Is 64 a factor of 3679?
False
Is 1820 a multiple of 5?
True
Is 6665 a multiple of 31?
True
Is 936 a multiple of 90?
False
Is 14 a factor of 20342?
True
Does 19 divide 560?
False
Is 19 a factor of 361?
True
Is 56 a factor of 560?
True
Is 4309 a multiple of 139?
True
Does 144 divide 4320?
True
Does 19 divide 2280?
True
Does 8 divide 304?
True
Does 16 divide 1728?
True
Is 22 a factor of 7546?
True
Is 226 a factor of 42262?
True
Does 54 divide 3888?
True
Does 11 divide 65109?
True
Is 7 a factor of 2023?
True
Does 50 divide 31157?
False
Does 25 divide 200?
True
Is 2281 a multiple of 5?
False
Is 1850 a multiple of 10?
True
Is 66 a factor of 19491?
False
Is 7473 a multiple of 47?
True
Does 12 divide 1532?
False
Does 4 divide 7928?
True
Is 19 a factor of 3535?
False
Does 13 divide 19465?
False
Is 1275 a multiple of 15?
True
Does 15 divide 2024?
False
Does 9 divide 1145?
False
Is 399 a multiple of 21?
True
Does 3 divide 15?
True
Does 14 divide 18676?
True
Does 3 divide 579?
True
Is 68471 a multiple of 13?
True
Does 17 divide 261?
False
Does 251 divide 118221?
True
Does 40 divide 10960?
True
Does 16 divide 3888?
True
Is 3247 a multiple of 2?
False
Does 6 divide 125?
False
Is 10 a factor of 9358?
False
Is 26 a factor of 168?
False
Is 83 a factor of 415?
True
Does 96 divide 3360?
True
Is 18603 a multiple of 157?
False
Is 14 a multiple of 7?
True
Is 49 a factor of 1570?
False
Does 2 divide 235?
False
Does 44 divide 996?
False
Is 5 a factor of 394?
False
Is 11 a factor of 11?
True
Is 7 a factor of 210?
True
Is 33 a factor of 4534?
False
Is 144 a multiple of 6?
True
Does 12 divide 32712?
True
Is 6 a factor of 269?
False
Does 4 divide 1108?
True
Is 19 a factor of 21046?
False
Is 38 a factor of 1330?
True
Is 325 a multiple of 62?
False
Does 6 divide 156?
True
Is 3 a factor of 44?
False
Is 2522 a multiple of 26?
True
Is 38 a factor of 452?
False
Does 32 divide 224?
True
Is 2444 a multiple of 26?
True
Is 79 a factor of 8690?
True
Is 12587 a multiple of 41?
True
Does 18 divide 407?
False
Is 18 a factor of 882?
True
Does 43 divide 16082?
True
Is 57 a factor of 3306?
True
Does 52 divide 1891?
False
Does 18 divide 67904?
False
Is 170 even?
True
Does 113 divide 78761?
True
Is 803 a multiple of 42?
False
Is 86555 a multiple of 42?
False
Does 12 divide 492?
True
Is 96 a factor of 6247?
False
Is 67848 a multiple of 10?
False
Is 706 a multiple of 63?
False
Does 17 divide 6970?
True
Does 156 divide 59340?
False
Is 273 a factor of 51051?
True
Is 10 a factor of 10300?
True
Does 291 divide 8563?
False
Does 52 divide 1778?
False
Does 7 divide 493?
False
Does 9 divide 98631?
True
Is 407 a multiple of 127?
False
Does 8 divide 64?
True
Is 29 a factor of 957?
True
Is 70 a factor of 4410?
True
Does 93 divide 218?
False
Does 22 divide 18514?
False
Is 151 a factor of 18847?
False
Is 4 a factor of 6421?
False
Is 39120 a multiple of 80?
True
Is 5 a factor of 25?
True
Does 30 divide 124296?
False
Is 4 a factor of 10504?
True
Is 18 a multiple of 9?
True
Is 7458 a multiple of 83?
False
Is 200 a multiple of 25?
True
Is 123 a factor of 3936?
True
Is 3 a factor of 322?
False
Does 7 divide 18235?
True
Is 22 a factor of 26619?
False
Does 25 divide 1494?
False
Is 1243 a multiple of 33?
False
Is 10 a factor of 13254?
False
Is 12437 a multiple of 18?
False
Is 12 a factor of 2616?
True
Does 21 divide 772?
False
Is 6 a factor of 23356?
False
Is 18 a factor of 702?
True
Does 31 divide 30510?
False
Does 16 divide 656?
True
Is 22 a factor of 4424?
False
Is 48 a factor of 27356?
False
Does 15 divide 1794?
False
Is 30 a factor of 180?
True
Is 35087 a multiple of 13?
True
Is 3 a factor of 2241?
True
Is 8790 a multiple of 5?
True
Is 6 a factor of 15727?
False
Does 47 divide 1635?
False
Does 2 divide 6?
True
Is 39144 a multiple of 8?
True
Does 5 divide 5313?
False
Is 14039 a multiple of 139?
True
Is 9828 a multiple of 21?
True
Does 3 divide 1027?
False
Is 1608 a multiple of 72?
False
Is 24 a factor of 15125?
False
Does 9 divide 964?
False
Does 3 divide 228?
True
Is 44 a factor of 14344?
True
Is 13226 a multiple of 23?
False
Does 18 divide 710?
False
Does 43 divide 6837?
True
Does 63 divide 48510?
True
Is 19 a factor of 2061?
False
Is 71 a factor of 755?
False
Is 52 a multiple of 13?
True
Is 17 a factor of 10336?
True
Is 576 a multiple of 24?
True
Does 44 divide 776?
False
Does 64 divide 9099?
False
Does 21 divide 1570?
False
Does 61 divide 4478?
False
Does 111 divide 22977?
True
Does 15 divide 1059?
False
Does 13 divide 364?
True
Is 1070 a multiple of 43?
False
Does 11 divide 3455?
False
Is 14577 a multiple of 113?
True
Is 17 a factor of 136?
True
Is 11 a factor of 6138?
True
Is 1180 a multiple of 10?
True
Does 19 divide 16549?
True
Does 18 divide 3240?
True
Does 30 divide 660?
True
Is 54 a factor of 583?
False
Does 14 divide 420?
True
Is 1966 a multiple of 43?
False
Does 17 divide 12003?
False
Does 15 divide 446?
False
Is 107 a factor of 14377?
False
Is 2228 a multiple of 54?
False
Is 52 a factor of 6759?
False
Does 43 divide 1290?
True
Is 6963 a multiple of 17?
False
Is 9660 a multiple of 69?
True
Is 30 a factor of 71460?
True
Does 31 divide 124?
True
Is 3444 a multiple of 123?
True
Does 11 divide 2179?
False
Is 38499 a multiple of 123?
True
Is 380 a multiple of 10?
True
Is 13 a factor of 6708?
True
Does 12 divide 275?
False
Does 16 divide 27760?
True
Does 68 divide 816?
True
Does 27 divide 1228?
False
Is 28 a factor of 2240?
True
Does 63 divide 4410?
True
Is 4242 a multiple of 101?
True
Is 24450 a multiple of 4?
False
Is 6384 a multiple of 8?
True
Is 810 a multiple of 54?
True
Is 50100 a multiple of 12?
True
Does 23 divide 4485?
True
Is 10 a factor of 15755?
False
Does 18 divide 313?
False
Is 4 a factor of 80?
True
Is 17510 a multiple of 17?
True
Does 82 divide 14372?
False
Is 8365 a multiple of 12?
False
Is 28 a factor of 5376?
True
Is 480 a multiple of 120?
True
Does 10 divide 94?
False
Is 99 a factor of 792?
True
Does 7 divide 13041?
True
Is 341 a multiple of 10?
False
Is 11658 a multiple of 133?
False
Is 20 a factor of 7546?
False
Is 18 a factor of 14976?
True
Does 56 divide 48586?
False
Does 212 divide 94552?
True
Is 13786 a multiple of 19?
False
Is 23 a factor of 23897?
True
Is 6703 a multiple of 96?
False
Is 13393 a multiple of 19?
False
Is 10 a factor of 560?
True
Does 299 divide 4485?
True
Is 11 a factor of 2684?
True
Does 16 divide 816?
True
Is 33 a factor of 17061?
True
Does 32 divide 11468?
False
Does 70 divide 10430?
True
Is 106 a multiple of 53?
True
Is 3725 a multiple of 71?
False
Is 38222 a multiple of 5?
False
Does 27 divide 716?
False
Is 1020 a multiple of 34?
True
Is 3835 a multiple of 17?
False
Is 1262 a multiple of 7?
False
Is 1302 a multiple of 54?
False
Is 123 a factor of 21874?
False
Is 2530 a multiple of 110?
True
Does 59 divide 1393?
False
Does 151 divide 3107?
False
Does 59 divide 6679?
False
Is 11 a factor of 2178?
True
Is 74567 a multiple of 425?
False
Does 36 divide 9828?
True
Is 6 a factor of 39292?
False
Does 2 divide 144?
True
Is 22 a factor of 19756?
True
Is 149 a factor of 22604?
False
Is 6 a factor of 263?
False
Does 25 divide 657?
False
Does 18 divide 432?
True
Is 44 a factor of 3009?
False
Is 9727 a multiple of 74?
False
Is 11 a factor of 69289?
True
Does 31 divide 15128?
True
Is 86 a factor of 16082?
True
Is 3863 a multiple of 15?
False
D